{"id":13,"date":"2019-02-19T13:39:02","date_gmt":"2019-02-19T13:39:02","guid":{"rendered":"http:\/\/przedszkole.zspchechlo.pl\/?page_id=13"},"modified":"2023-01-19T18:04:27","modified_gmt":"2023-01-19T18:04:27","slug":"dla-rodzicow","status":"publish","type":"page","link":"https:\/\/przedszkole.zspchechlo.pl\/?page_id=13","title":{"rendered":"Dla Rodzic\u00f3w"},"content":{"rendered":"\n<p><strong>Drodzy rodzice!<\/strong>&nbsp;<\/p>\n\n\n\n<p><strong>&nbsp;Nasze przedszkole:<\/strong><\/p>\n\n\n\n<ul class=\"wp-block-list\"><li>preferuje tw\u00f3rcze i aktywne metody pracy z dzie\u0107mi,<\/li><li>zatrudnia wykwalifikowan\u0105 kadr\u0119 pedagogiczn\u0105,<\/li><li>posiada wygodne, funkcjonalne i estetycznie urz\u0105dzone sale zabaw,<\/li><li>aktywnie wsp\u00f3\u0142pracuje z rodzicami. Na terenie plac\u00f3wki dzia\u0142a Rada Rodzic\u00f3w, do kt\u00f3rej, w spos\u00f3b demokratyczny, wybierani s\u0105 przedstawiciele tr\u00f3jek grupowych,<\/li><li>organizuje atrakcyjne wycieczki,<\/li><li>umo\u017cliwia rozwijanie zainteresowa\u0144 i umiej\u0119tno\u015bci dzieci,<br><\/li><li>bardzo dobrze przygotowuje absolwent\u00f3w do osi\u0105gania sukces\u00f3w w szkole,\u00a0<\/li><li>aktywnie wsp\u00f3\u0142pracuje z instytucjami \u015brodowiska lokalnego,<\/li><li>organizujemy spotkania z przedstawicielami r\u00f3\u017cnych zawod\u00f3w,<\/li><li>promuje zasady bezpiecze\u0144stwa w ruchu drogowym i \u017cyciu codziennym wsp\u00f3\u0142pracuj\u0105c z Komend\u0105 Powiatow\u0105 Policji i Komend\u0105 Stra\u017cy Po\u017carnej,<\/li><\/ul>\n\n\n\n<ul class=\"wp-block-list\"><li>nasz\u0105 tradycj\u0105 s\u0105 organizowane imprezy integracyjne na terenie ogrodu przedszkolnego, w\u015br\u00f3d kt\u00f3rych najwi\u0119ksz\u0105 popularno\u015bci\u0105 ciesz\u0105 si\u0119 Festyny Rodzinne, podczas kt\u00f3rych w zmaganiach sportowych i artystycznych uczestnicz\u0105 obok siebie doro\u015bli i dzieci.<\/li><li>du\u017c\u0105 atrakcj\u0105 s\u0105 r\u00f3wnie\u017c organizowane dla rodzic\u00f3w \u015bwi\u0105teczne kiermasze: bo\u017conarodzeniowy i wielkanocny.<\/li><\/ul>\n\n\n\n<p><strong>&nbsp;Dziecko, to ma\u0142y cz\u0142owiek<\/strong><\/p>\n\n\n\n<p>&nbsp; &nbsp; &nbsp;Ka\u017cde dziecko ma w\u0142asn\u0105 indywidualn\u0105 i niepowtarzaln\u0105 osobowo\u015b\u0107. W naszym przedszkolu wspieramy dzieci zapewniaj\u0105c im, niezmiernie wa\u017cne dla kszta\u0142towania rozwoju emocjonalno-spo\u0142ecznego,&nbsp;<strong>poczucie bezpiecze\u0144stwa<\/strong>. Naszymi dzia\u0142aniami przyczyniamy si\u0119 do budowania i u\u015bwiadamiania im poczucia w\u0142asnej warto\u015bci. Stymuluj\u0105c rozw\u00f3j osobowo\u015bci staramy si\u0119 stwarza\u0107 dzieciom sytuacje edukacyjne, w kt\u00f3rych b\u0119d\u0105 mia\u0142y mo\u017cliwo\u015b\u0107 realizowania&nbsp;<strong>w\u0142asnych potrzeb, zainteresowa\u0144 i d\u0105\u017ce\u0144&nbsp;<\/strong>do bycia samodzielnym i niezale\u017cnym.<\/p>\n\n\n\n<p>&nbsp; &nbsp;Szczeg\u00f3ln\u0105 uwag\u0119 przywi\u0105zujemy do dialogu z rodzicami oraz specjalistami w r\u00f3\u017cnych dziedzinach, bo jeste\u015bmy przekonani, \u017ce razem znaczy lepiej i wi\u0119cej. Jeste\u015bmy otwarci na pomys\u0142y i sugestie rodzic\u00f3w, oraz na aktywn\u0105 wsp\u00f3\u0142prac\u0119.<\/p>\n\n\n\n<p><strong>Plac zabaw<\/strong>&nbsp;sprzyja zaj\u0119ciom i zabawom ruchowym na powietrzu.<\/p>\n","protected":false},"excerpt":{"rendered":"<p>Drodzy rodzice!&nbsp; &nbsp;Nasze przedszkole: preferuje tw\u00f3rcze i aktywne metody pracy z dzie\u0107mi, zatrudnia wykwalifikowan\u0105 kadr\u0119 pedagogiczn\u0105, posiada wygodne, funkcjonalne i estetycznie urz\u0105dzone sale zabaw, aktywnie wsp\u00f3\u0142pracuje z rodzicami. Na terenie plac\u00f3wki dzia\u0142a Rada Rodzic\u00f3w, do kt\u00f3rej, w spos\u00f3b demokratyczny, wybierani s\u0105 przedstawiciele tr\u00f3jek grupowych, organizuje atrakcyjne wycieczki, umo\u017cliwia rozwijanie zainteresowa\u0144 i umiej\u0119tno\u015bci dzieci, bardzo dobrze [&hellip;]<\/p>\n","protected":false},"author":1,"featured_media":0,"parent":0,"menu_order":0,"comment_status":"closed","ping_status":"closed","template":"","meta":{"footnotes":""},"class_list":["post-13","page","type-page","status-publish","hentry"],"_links":{"self":[{"href":"https:\/\/przedszkole.zspchechlo.pl\/index.php?rest_route=\/wp\/v2\/pages\/13"}],"collection":[{"href":"https:\/\/przedszkole.zspchechlo.pl\/index.php?rest_route=\/wp\/v2\/pages"}],"about":[{"href":"https:\/\/przedszkole.zspchechlo.pl\/index.php?rest_route=\/wp\/v2\/types\/page"}],"author":[{"embeddable":true,"href":"https:\/\/przedszkole.zspchechlo.pl\/index.php?rest_route=\/wp\/v2\/users\/1"}],"replies":[{"embeddable":true,"href":"https:\/\/przedszkole.zspchechlo.pl\/index.php?rest_route=%2Fwp%2Fv2%2Fcomments&post=13"}],"version-history":[{"count":3,"href":"https:\/\/przedszkole.zspchechlo.pl\/index.php?rest_route=\/wp\/v2\/pages\/13\/revisions"}],"predecessor-version":[{"id":2949,"href":"https:\/\/przedszkole.zspchechlo.pl\/index.php?rest_route=\/wp\/v2\/pages\/13\/revisions\/2949"}],"wp:attachment":[{"href":"https:\/\/przedszkole.zspchechlo.pl\/index.php?rest_route=%2Fwp%2Fv2%2Fmedia&parent=13"}],"curies":[{"name":"wp","href":"https:\/\/api.w.org\/{rel}","templated":true}]}}