{"id":17,"date":"2019-02-19T13:39:28","date_gmt":"2019-02-19T13:39:28","guid":{"rendered":"http:\/\/przedszkole.zspchechlo.pl\/?page_id=17"},"modified":"2024-04-29T19:18:49","modified_gmt":"2024-04-29T19:18:49","slug":"kontakt","status":"publish","type":"page","link":"https:\/\/przedszkole.zspchechlo.pl\/?page_id=17","title":{"rendered":"Kontakt"},"content":{"rendered":"\n<p><strong><em>Zesp\u00f3\u0142 Szkolno &#8211; Przedszkolny w Chechle<br><\/em><\/strong><\/p>\n\n\n\n<p><strong><em>ul. Kluczewska 56<\/em><\/strong><\/p>\n\n\n\n<p><strong><em>32-310 Chech\u0142o<\/em><\/strong><\/p>\n\n\n\n<p><strong>Sekretariat<em>&nbsp;<br><\/em><\/strong><\/p>\n\n\n\n<p><strong>Tel.\/fax<\/strong>: 32&nbsp;642 00 02<\/p>\n\n\n\n<p><strong>Przedszkole<\/strong>: tel.32 642 00 02&nbsp;<strong>wew<\/strong>. 24<\/p>\n\n\n\n<p>Informacji dotycz\u0105cych odp\u0142atno\u015bci udziela:<\/p>\n\n\n\n<p><strong>Intendentka:<\/strong>\u00a0tel.32 642 00 02\u00a0<strong>wew<\/strong>. 25<\/p>\n\n\n\n<p>mail:  zsp.chechlo@gmina-klucze.pl<\/p>\n\n\n\n<p><br><\/p>\n\n\n\n<p>&nbsp;<a href=\"mailto:%3Cspan%20id=\">Ten adres pocztowy jest chroniony przed spamowaniem. Aby go zobaczy\u0107, konieczne jest w\u0142\u0105czenie obs\u0142ugi JavaScript.<\/a><a href=\"mailto:%3Cspan%20id=\">&#8222;&gt;&nbsp;<\/a><a href=\"mailto:spchechlo@wp.pl\">spchechlo@wp.pl<\/a><\/p>\n","protected":false},"excerpt":{"rendered":"<p>Zesp\u00f3\u0142 Szkolno &#8211; Przedszkolny w Chechle ul. Kluczewska 56 32-310 Chech\u0142o Sekretariat&nbsp; Tel.\/fax: 32&nbsp;642 00 02 Przedszkole: tel.32 642 00 02&nbsp;wew. 24 Informacji dotycz\u0105cych odp\u0142atno\u015bci udziela: Intendentka:\u00a0tel.32 642 00 02\u00a0wew. 25 mail: zsp.chechlo@gmina-klucze.pl &nbsp;Ten adres pocztowy jest chroniony przed spamowaniem. Aby go zobaczy\u0107, konieczne jest w\u0142\u0105czenie obs\u0142ugi JavaScript.&#8222;&gt;&nbsp;spchechlo@wp.pl<\/p>\n","protected":false},"author":1,"featured_media":0,"parent":0,"menu_order":0,"comment_status":"closed","ping_status":"closed","template":"","meta":{"footnotes":""},"class_list":["post-17","page","type-page","status-publish","hentry"],"_links":{"self":[{"href":"https:\/\/przedszkole.zspchechlo.pl\/index.php?rest_route=\/wp\/v2\/pages\/17"}],"collection":[{"href":"https:\/\/przedszkole.zspchechlo.pl\/index.php?rest_route=\/wp\/v2\/pages"}],"about":[{"href":"https:\/\/przedszkole.zspchechlo.pl\/index.php?rest_route=\/wp\/v2\/types\/page"}],"author":[{"embeddable":true,"href":"https:\/\/przedszkole.zspchechlo.pl\/index.php?rest_route=\/wp\/v2\/users\/1"}],"replies":[{"embeddable":true,"href":"https:\/\/przedszkole.zspchechlo.pl\/index.php?rest_route=%2Fwp%2Fv2%2Fcomments&post=17"}],"version-history":[{"count":4,"href":"https:\/\/przedszkole.zspchechlo.pl\/index.php?rest_route=\/wp\/v2\/pages\/17\/revisions"}],"predecessor-version":[{"id":4068,"href":"https:\/\/przedszkole.zspchechlo.pl\/index.php?rest_route=\/wp\/v2\/pages\/17\/revisions\/4068"}],"wp:attachment":[{"href":"https:\/\/przedszkole.zspchechlo.pl\/index.php?rest_route=%2Fwp%2Fv2%2Fmedia&parent=17"}],"curies":[{"name":"wp","href":"https:\/\/api.w.org\/{rel}","templated":true}]}}