{"id":19,"date":"2019-02-19T13:40:08","date_gmt":"2019-02-19T13:40:08","guid":{"rendered":"http:\/\/przedszkole.zspchechlo.pl\/?page_id=19"},"modified":"2019-03-27T10:31:23","modified_gmt":"2019-03-27T10:31:23","slug":"rodo","status":"publish","type":"page","link":"https:\/\/przedszkole.zspchechlo.pl\/?page_id=19","title":{"rendered":"RODO"},"content":{"rendered":"\n<p>KLAUZULA INFORMACYJNA<\/p>\n\n\n\n<p>Na podstawie art. 13 Rozporz\u0105dzenia Parlamentu Europejskiego\ni Rady (UE) 2016\/679 z dnia 27 kwietnia 2016 r. w sprawie ochrony os\u00f3b\nfizycznych w zwi\u0105zku z przetwarzaniem danych osobowych i w sprawie swobodnego\nprzep\u0142ywu takich danych oraz uchylenia dyrektywy 95\/46\/WE (og\u00f3lne\nrozporz\u0105dzenie o ochronie danych), publ. Dz. Urz. UE L Nr 119, s. 1\ninformujemy, i\u017c:<\/p>\n\n\n\n<p>1. Administratorem Pani\/Pana danych osobowych jest Przedszkole w Chechle (adres: Chech\u0142o, Przedszkole w Chechle (adres: Chech\u0142o,<\/p>\n\n\n\n<p>ul. Kluczewska 56, 32-310 Klucze; telefon kontaktowy 326420002)<\/p>\n\n\n\n<p>2. W sprawach z zakresu ochrony danych osobowych mog\u0105\nPa\u0144stwo kontaktowa\u0107 si\u0119 z Inspektorem Ochrony Danych pod adresem e-mail:\ninspektor@cbi24.pl<\/p>\n\n\n\n<p>.<\/p>\n\n\n\n<p>3. Dane osobowe b\u0119d\u0105 przetwarzane w celu realizacji obowi\u0105zk\u00f3w prawnych ci\u0105\u017c\u0105cych na Administratorze<\/p>\n\n\n\n<p>4.Dane osobowe b\u0119d\u0105 przetwarzane przez okres niezb\u0119dny do\nrealizacji ww. celu z uwzgl\u0119dnieniem okres\u00f3w przechowywania okre\u015blonych w\nprzepisach odr\u0119bnych, w tym przepis\u00f3w archiwalnych.<\/p>\n\n\n\n<p>5.Podstaw\u0105 prawn\u0105 przetwarzania danych jest art. 6 ust. 1 lit.\nc) ww. Rozporz\u0105dzenia.<\/p>\n\n\n\n<p>6.Odbiorcami Pani\/Pana danych b\u0119d\u0105 podmioty, kt\u00f3re na\npodstawie zawartych um\u00f3w przetwarzaj\u0105 dane osobowe w imieniu Administratora.<\/p>\n\n\n\n<p>7.Osoba, kt\u00f3rej dane dotycz\u0105 ma prawo do:<\/p>\n\n\n\n<p>&nbsp;&#8211; dost\u0119pu do tre\u015bci\nswoich danych oraz mo\u017cliwo\u015bci ich poprawiania, sprostowania, ograniczenia\nprzetwarzania, a tak\u017ce &#8211; w przypadkach przewidzianych prawem &#8211; prawo do\nusuni\u0119cia danych i prawo do wniesienia sprzeciwu wobec przetwarzania Pa\u0144stwa\ndanych.<\/p>\n\n\n\n<p>&#8211; wniesienia skargi do organu nadzorczego w przypadku, gdy przetwarzanie danych odbywa si\u0119<\/p>\n\n\n\n<p>&nbsp;z naruszeniem\nprzepis\u00f3w powy\u017cszego rozporz\u0105dzenia tj. Prezesa Ochrony Danych Osobowych,<\/p>\n\n\n\n<p>ul. Stawki 2, 00-193 Warszawa.<\/p>\n\n\n\n<p>Ponadto informujemy, i\u017c w zwi\u0105zku z przetwarzaniem Pani\/Pana\ndanych osobowych nie podlega Pan\/Pani decyzjom, kt\u00f3re si\u0119 opieraj\u0105 wy\u0142\u0105cznie na\nzautomatyzowanym przetwarzaniu, w tym profilowaniu, o czym stanowi art. 22\nog\u00f3lnego rozporz\u0105dzenia o ochronie danych osobowych.<\/p>\n","protected":false},"excerpt":{"rendered":"<p>KLAUZULA INFORMACYJNA Na podstawie art. 13 Rozporz\u0105dzenia Parlamentu Europejskiego i Rady (UE) 2016\/679 z dnia 27 kwietnia 2016 r. w sprawie ochrony os\u00f3b fizycznych w zwi\u0105zku z przetwarzaniem danych osobowych i w sprawie swobodnego przep\u0142ywu takich danych oraz uchylenia dyrektywy 95\/46\/WE (og\u00f3lne rozporz\u0105dzenie o ochronie danych), publ. Dz. Urz. UE L Nr 119, s. 1 [&hellip;]<\/p>\n","protected":false},"author":1,"featured_media":0,"parent":0,"menu_order":0,"comment_status":"closed","ping_status":"closed","template":"","meta":{"footnotes":""},"class_list":["post-19","page","type-page","status-publish","hentry"],"_links":{"self":[{"href":"https:\/\/przedszkole.zspchechlo.pl\/index.php?rest_route=\/wp\/v2\/pages\/19"}],"collection":[{"href":"https:\/\/przedszkole.zspchechlo.pl\/index.php?rest_route=\/wp\/v2\/pages"}],"about":[{"href":"https:\/\/przedszkole.zspchechlo.pl\/index.php?rest_route=\/wp\/v2\/types\/page"}],"author":[{"embeddable":true,"href":"https:\/\/przedszkole.zspchechlo.pl\/index.php?rest_route=\/wp\/v2\/users\/1"}],"replies":[{"embeddable":true,"href":"https:\/\/przedszkole.zspchechlo.pl\/index.php?rest_route=%2Fwp%2Fv2%2Fcomments&post=19"}],"version-history":[{"count":3,"href":"https:\/\/przedszkole.zspchechlo.pl\/index.php?rest_route=\/wp\/v2\/pages\/19\/revisions"}],"predecessor-version":[{"id":82,"href":"https:\/\/przedszkole.zspchechlo.pl\/index.php?rest_route=\/wp\/v2\/pages\/19\/revisions\/82"}],"wp:attachment":[{"href":"https:\/\/przedszkole.zspchechlo.pl\/index.php?rest_route=%2Fwp%2Fv2%2Fmedia&parent=19"}],"curies":[{"name":"wp","href":"https:\/\/api.w.org\/{rel}","templated":true}]}}